{"id":523,"date":"2023-11-01T12:44:13","date_gmt":"2023-11-01T12:44:13","guid":{"rendered":"http:\/\/gesahollerbach.de\/?page_id=523"},"modified":"2023-11-01T12:44:13","modified_gmt":"2023-11-01T12:44:13","slug":"superposition-at","status":"publish","type":"page","link":"https:\/\/gesahollerbach.de\/index.php\/superposition-at\/","title":{"rendered":"Superposition (AT)"},"content":{"rendered":"\n<p>D \/ Dokumentarfilm \/ 2023-24 \/ 90 min \/ in Vorbereitung <\/p>\n\n\n\n<p>Eine neue technologische \u00c4ra zieht herauf. Man wei\u00df noch nicht, ob sie Gutes oder Schlechtes bringt, doch die Quantentechnologien versprechen derart faszinierende M\u00f6glichkeiten, dass alle Global Player in Wissenschaft, Wirtschaft und Politik mit Hochdruck daran arbeiten.\u00a0<\/p>\n\n\n\n<p>Im Zentrum des filmischen Geschehens stehen f\u00fcnf renommierte Wissenschaftler*innen des Forschungszentrums J\u00fclich, das sich zu einem Epizentrum der europ\u00e4ischen Quantenforschung etabliert hat. Bis zum Jahr 2024 soll hier der erste kommerziell nutzbare Quantencomputer Deutschlands entstehen. Quantencomputer gelten als Wundermaschinen, die \u2013 Millionen mal schneller als die m\u00e4chtigsten heutigen Supercomputer \u2013 Gigantisches leisten k\u00f6nnten.<\/p>\n\n\n\n<p>Der Film Superposition heftet sich an die Fersen der Wissenschaftler*innen \u2013 er begleitet sie im Labor, auf Konferenzen oder beim Lobbyieren in der Politik und macht sich so auf die Suche nach Antworten: k\u00f6nnen wir durch Quantentechnologien L\u00f6sungen f\u00fcr die globalen Probleme unserer Zeit finden? Und was hat das Ganze eigentlich mit uns, den normalen B\u00fcrgerinnen und B\u00fcrgern zu tun? Der Film erz\u00e4hlt von der Erforschung neuer Welten im Mikro- und Makrokosmos, von Neugier und Verantwortung, Planbarkeit und Zufall. Eine filmische Betrachtung unserer Gesellschaft im digitalen Zeitalter auf dem Sprung zum n\u00e4chsten technologischen Meilenstein \u2013 denn der Wettlauf der gro\u00dfen Konzerne um die Dominanz bei der neuen Technologie hat l\u00e4ngst begonnen.&nbsp;<\/p>\n\n\n\n<figure class=\"wp-block-image size-large\"><img loading=\"lazy\" decoding=\"async\" width=\"1024\" height=\"684\" src=\"http:\/\/gesahollerbach.de\/wp-content\/uploads\/sp1-1024x684.jpg\" alt=\"\" class=\"wp-image-524\" srcset=\"https:\/\/gesahollerbach.de\/wp-content\/uploads\/sp1-1024x684.jpg 1024w, https:\/\/gesahollerbach.de\/wp-content\/uploads\/sp1-300x200.jpg 300w, https:\/\/gesahollerbach.de\/wp-content\/uploads\/sp1-768x513.jpg 768w, https:\/\/gesahollerbach.de\/wp-content\/uploads\/sp1.jpg 1280w\" sizes=\"auto, (max-width: 1024px) 100vw, 1024px\" \/><\/figure>\n\n\n\n<figure class=\"wp-block-image size-large\"><img loading=\"lazy\" decoding=\"async\" width=\"1024\" height=\"684\" src=\"http:\/\/gesahollerbach.de\/wp-content\/uploads\/sp2-1024x684.jpg\" alt=\"\" class=\"wp-image-527\" srcset=\"https:\/\/gesahollerbach.de\/wp-content\/uploads\/sp2-1024x684.jpg 1024w, https:\/\/gesahollerbach.de\/wp-content\/uploads\/sp2-300x200.jpg 300w, https:\/\/gesahollerbach.de\/wp-content\/uploads\/sp2-768x513.jpg 768w, https:\/\/gesahollerbach.de\/wp-content\/uploads\/sp2.jpg 1280w\" sizes=\"auto, (max-width: 1024px) 100vw, 1024px\" \/><\/figure>\n","protected":false},"excerpt":{"rendered":"<p>D \/ Dokumentarfilm \/ 2023-24 \/ 90 min \/ in Vorbereitung Eine neue technologische \u00c4ra zieht herauf. Man wei\u00df noch nicht, ob sie Gutes oder Schlechtes bringt, doch die Quantentechnologien versprechen derart faszinierende M\u00f6glichkeiten, dass alle Global Player in Wissenschaft, Wirtschaft und Politik mit Hochdruck daran arbeiten.\u00a0 Im Zentrum des filmischen Geschehens stehen f\u00fcnf renommierte&hellip; <a class=\"more-link\" href=\"https:\/\/gesahollerbach.de\/index.php\/superposition-at\/\">Continue reading <span class=\"screen-reader-text\">Superposition (AT)<\/span><\/a><\/p>\n","protected":false},"author":1,"featured_media":0,"parent":0,"menu_order":0,"comment_status":"closed","ping_status":"closed","template":"","meta":{"footnotes":""},"class_list":["post-523","page","type-page","status-publish","hentry","entry"],"_links":{"self":[{"href":"https:\/\/gesahollerbach.de\/index.php\/wp-json\/wp\/v2\/pages\/523","targetHints":{"allow":["GET"]}}],"collection":[{"href":"https:\/\/gesahollerbach.de\/index.php\/wp-json\/wp\/v2\/pages"}],"about":[{"href":"https:\/\/gesahollerbach.de\/index.php\/wp-json\/wp\/v2\/types\/page"}],"author":[{"embeddable":true,"href":"https:\/\/gesahollerbach.de\/index.php\/wp-json\/wp\/v2\/users\/1"}],"replies":[{"embeddable":true,"href":"https:\/\/gesahollerbach.de\/index.php\/wp-json\/wp\/v2\/comments?post=523"}],"version-history":[{"count":1,"href":"https:\/\/gesahollerbach.de\/index.php\/wp-json\/wp\/v2\/pages\/523\/revisions"}],"predecessor-version":[{"id":528,"href":"https:\/\/gesahollerbach.de\/index.php\/wp-json\/wp\/v2\/pages\/523\/revisions\/528"}],"wp:attachment":[{"href":"https:\/\/gesahollerbach.de\/index.php\/wp-json\/wp\/v2\/media?parent=523"}],"curies":[{"name":"wp","href":"https:\/\/api.w.org\/{rel}","templated":true}]}}