{"id":32,"date":"2021-05-28T23:47:49","date_gmt":"2021-05-28T23:47:49","guid":{"rendered":"http:\/\/gesahollerbach.de\/?page_id=32"},"modified":"2021-06-03T19:56:13","modified_gmt":"2021-06-03T19:56:13","slug":"richtungswechsel","status":"publish","type":"page","link":"https:\/\/gesahollerbach.de\/index.php\/work\/richtungswechsel\/","title":{"rendered":"Richtungswechsel"},"content":{"rendered":"\n<p>D 2008 | Dokumentarfilm | 23 min<\/p>\n\n\n\n<p>Kinder von ihren Eltern zu trennen ist keine einfache Entscheidung. Manchmal geht es nicht anders, um die Gesundheit oder sogar das Leben der Kinder zu sch\u00fctzen. Ganz oft ist es allerdings m\u00f6glich, Familien so zu stabilisieren, dass die Kinder bei ihren Eltern bleiben k\u00f6nnen. <\/p>\n\n\n\n<p>Dabei hilft das Familienaktivierungsmanagement (FAM) der Diakonie in D\u00fcsseldorf. Die FAM-Mitarbeiter gehen beispielsweise in einem Intensivprogramm f\u00fcr sechs Wochen in die Haushalte der betroffenen Familien und arbeiten mit allen Familienmitgliedern. Auch Kriseninterventionen, flexibe Familienbetreuung oder R\u00fcckf\u00fchrungsmanagement werden angeboten &#8211; immer mit dem Ziel, dass die Familien ihre Probleme selbstst\u00e4ndig l\u00f6sen und in den Griff bekommen sollen. <\/p>\n\n\n\n<p>Der Film &#8220;Richtungswechsel&#8221; veranschaulicht die einzelnen Bausteine der Familienaktivierung indem er zeigt, wie die FAM-Mitarbeiter vorgehen und wie ihre Hilfe von unterschiedlichen Familien aufgenommen wird.<\/p>\n\n\n\n<figure class=\"wp-block-gallery columns-2 is-cropped wp-block-gallery-1 is-layout-flex wp-block-gallery-is-layout-flex\"><ul class=\"blocks-gallery-grid\"><li class=\"blocks-gallery-item\"><figure><img loading=\"lazy\" decoding=\"async\" width=\"720\" height=\"576\" src=\"http:\/\/gesahollerbach.de\/wp-content\/uploads\/aktas-schule.jpg\" alt=\"\" data-id=\"389\" data-full-url=\"http:\/\/gesahollerbach.de\/wp-content\/uploads\/aktas-schule.jpg\" data-link=\"http:\/\/gesahollerbach.de\/aktas-schule\/\" class=\"wp-image-389\" srcset=\"https:\/\/gesahollerbach.de\/wp-content\/uploads\/aktas-schule.jpg 720w, https:\/\/gesahollerbach.de\/wp-content\/uploads\/aktas-schule-300x240.jpg 300w\" sizes=\"auto, (max-width: 720px) 100vw, 720px\" \/><\/figure><\/li><li class=\"blocks-gallery-item\"><figure><img loading=\"lazy\" decoding=\"async\" width=\"720\" height=\"576\" src=\"http:\/\/gesahollerbach.de\/wp-content\/uploads\/baby-fr-richter.jpg\" alt=\"\" data-id=\"391\" data-full-url=\"http:\/\/gesahollerbach.de\/wp-content\/uploads\/baby-fr-richter.jpg\" data-link=\"http:\/\/gesahollerbach.de\/baby-fr-richter\/\" class=\"wp-image-391\" srcset=\"https:\/\/gesahollerbach.de\/wp-content\/uploads\/baby-fr-richter.jpg 720w, https:\/\/gesahollerbach.de\/wp-content\/uploads\/baby-fr-richter-300x240.jpg 300w\" sizes=\"auto, (max-width: 720px) 100vw, 720px\" \/><\/figure><\/li><\/ul><\/figure>\n\n\n\n<figure class=\"wp-block-gallery columns-2 is-cropped wp-block-gallery-2 is-layout-flex wp-block-gallery-is-layout-flex\"><ul class=\"blocks-gallery-grid\"><li class=\"blocks-gallery-item\"><figure><img loading=\"lazy\" decoding=\"async\" width=\"720\" height=\"576\" src=\"http:\/\/gesahollerbach.de\/wp-content\/uploads\/ru-fr-aktas-gehen-schulhof.jpg\" alt=\"\" data-id=\"392\" data-full-url=\"http:\/\/gesahollerbach.de\/wp-content\/uploads\/ru-fr-aktas-gehen-schulhof.jpg\" data-link=\"http:\/\/gesahollerbach.de\/ru-fr-aktas-gehen-schulhof\/\" class=\"wp-image-392\" srcset=\"https:\/\/gesahollerbach.de\/wp-content\/uploads\/ru-fr-aktas-gehen-schulhof.jpg 720w, https:\/\/gesahollerbach.de\/wp-content\/uploads\/ru-fr-aktas-gehen-schulhof-300x240.jpg 300w\" sizes=\"auto, (max-width: 720px) 100vw, 720px\" \/><\/figure><\/li><li class=\"blocks-gallery-item\"><figure><img loading=\"lazy\" decoding=\"async\" width=\"720\" height=\"576\" src=\"http:\/\/gesahollerbach.de\/wp-content\/uploads\/iris-deniz.jpg\" alt=\"\" data-id=\"390\" data-full-url=\"http:\/\/gesahollerbach.de\/wp-content\/uploads\/iris-deniz.jpg\" data-link=\"http:\/\/gesahollerbach.de\/iris-deniz\/\" class=\"wp-image-390\" srcset=\"https:\/\/gesahollerbach.de\/wp-content\/uploads\/iris-deniz.jpg 720w, https:\/\/gesahollerbach.de\/wp-content\/uploads\/iris-deniz-300x240.jpg 300w\" sizes=\"auto, (max-width: 720px) 100vw, 720px\" \/><\/figure><\/li><\/ul><\/figure>\n\n\n\n<p>Mit: <strong>Maria L\u00f6cken, Annick R\u00fctting-Ullrich, Iris Jammer, Thomas Kemper<\/strong><\/p>\n\n\n\n<p>Regie \/ Kamera \/ Buch \/ Montage: <strong>Gesa Hollerbach<\/strong><\/p>\n\n\n\n<p>Tonmischung \/ Farbkorrektur: <strong>Georg Weber<\/strong><\/p>\n\n\n\n<p>Musik: <strong>Valerij Lisac<\/strong><\/p>\n\n\n\n<p>Produktion: <strong>Diakonie in D\u00fcsseldorf<\/strong><\/p>\n\n\n\n<p><\/p>\n","protected":false},"excerpt":{"rendered":"<p>D 2008 | Dokumentarfilm | 23 min Kinder von ihren Eltern zu trennen ist keine einfache Entscheidung. Manchmal geht es nicht anders, um die Gesundheit oder sogar das Leben der Kinder zu sch\u00fctzen. Ganz oft ist es allerdings m\u00f6glich, Familien so zu stabilisieren, dass die Kinder bei ihren Eltern bleiben k\u00f6nnen. Dabei hilft das Familienaktivierungsmanagement&hellip; <a class=\"more-link\" href=\"https:\/\/gesahollerbach.de\/index.php\/work\/richtungswechsel\/\">Continue reading <span class=\"screen-reader-text\">Richtungswechsel<\/span><\/a><\/p>\n","protected":false},"author":1,"featured_media":0,"parent":44,"menu_order":0,"comment_status":"closed","ping_status":"closed","template":"","meta":{"footnotes":""},"class_list":["post-32","page","type-page","status-publish","hentry","entry"],"_links":{"self":[{"href":"https:\/\/gesahollerbach.de\/index.php\/wp-json\/wp\/v2\/pages\/32","targetHints":{"allow":["GET"]}}],"collection":[{"href":"https:\/\/gesahollerbach.de\/index.php\/wp-json\/wp\/v2\/pages"}],"about":[{"href":"https:\/\/gesahollerbach.de\/index.php\/wp-json\/wp\/v2\/types\/page"}],"author":[{"embeddable":true,"href":"https:\/\/gesahollerbach.de\/index.php\/wp-json\/wp\/v2\/users\/1"}],"replies":[{"embeddable":true,"href":"https:\/\/gesahollerbach.de\/index.php\/wp-json\/wp\/v2\/comments?post=32"}],"version-history":[{"count":8,"href":"https:\/\/gesahollerbach.de\/index.php\/wp-json\/wp\/v2\/pages\/32\/revisions"}],"predecessor-version":[{"id":412,"href":"https:\/\/gesahollerbach.de\/index.php\/wp-json\/wp\/v2\/pages\/32\/revisions\/412"}],"up":[{"embeddable":true,"href":"https:\/\/gesahollerbach.de\/index.php\/wp-json\/wp\/v2\/pages\/44"}],"wp:attachment":[{"href":"https:\/\/gesahollerbach.de\/index.php\/wp-json\/wp\/v2\/media?parent=32"}],"curies":[{"name":"wp","href":"https:\/\/api.w.org\/{rel}","templated":true}]}}